units digit of s?
3
Suppose 4*q = -5*j + 145, -3*q - 145 = -3*j - 2*j. What is the tens digit of j?
2
Suppose 2*r = 2*u - 4 - 2, 2*u = 4*r + 8. Let f be 25 + (-2)/((-2)/r). Suppose j = -3*j + f. What is the units digit of j?
6
Suppose 0 = -o + i + 12, 2*o - 5*i + 7 - 28 = 0. Let d = -6 + o. What is the units digit of d?
7
Let v be 1/(((-8)/10)/4). Let f(w) = -w**2 - 7*w - 4. Let q be f(v). Suppose 0*d + q = 2*d - 5*x, 5*x = 0. What is the units digit of d?
3
Suppose x + 3*x - 140 = -r, 748 = 5*r - 4*x. Suppose 10*k + r = 14*k. What is the units digit of k?
7
Let g(y) = 3*y**2. Let p be g(-1). Suppose 3*x - 5 = -q - p*q, 2*q - 4*x = 30. What is the units digit of q?
5
Let r = 35 - 7. What is the tens digit of r?
2
Suppose 0 = 8*x - 3*x - 55. What is the tens digit of x?
1
Suppose -t = t - 4. Suppose -t*s + 0*s = -4. What is the units digit of (3/2)/(s/4)?
3
Let r(p) = -5*p - 47. What is the units digit of r(-20)?
3
Suppose 4*g + 242 = 5*w - 312, g = -3*w + 346. Suppose 2*c = 4*c - w. Suppose 2*u - c = -u. What is the units digit of u?
9
Suppose -d + 42 = -0*d. What is the tens digit of d?
4
Let b(r) = 2*r**2 - 11. What is the hundreds digit of b(8)?
1
Let o = 157 + -126. What is the tens digit of o?
3
Suppose -3*m + 3 = -3*k, -3*m + 13 = 4*k - 4. Suppose -m*h + 0*h = -36. What is the units digit of h?
2
Let r = -9 + 3. Let w be (-1 - -7)*(-4)/r. Let o(t) = -t**2 + 7*t - 5. What is the units digit of o(w)?
7
Suppose m = 2*m - 18. Let c = -10 + m. What is the units digit of c?
8
Let v(k) = k**2 + 6*k - 3. Let p be v(-7). Suppose 4*s = 3*r + 22, s - r = -p*s + 33. What is the units digit of s?
7
Let n(m) = -3*m**2 - 7*m + 5. Let t(k) = -4*k**2 - 11*k + 7. Let b(w) = 7*n(w) - 5*t(w). Let z be b(6). Suppose z = 5*c - 59 + 19. What is the units digit of c?
8
Let a(h) = 20*h**3 + 2*h - 1. What is the tens digit of a(1)?
2
Let u(m) = 8*m - 2. Let s(r) = 4*r - 1. Let x(z) = -7*s(z) + 3*u(z). What is the tens digit of x(-6)?
2
What is the units digit of 2/6*-3 - -10?
9
What is the units digit of (-38)/(-17 + 14 - (-10)/4)?
6
Let h(q) = 30*q + 26. What is the tens digit of h(5)?
7
Let a be (-8)/(-36) + (-88)/(-9). Let u = a + 0. Let q = u - 7. What is the units digit of q?
3
Let x = 119 + -63. What is the tens digit of x?
5
Let h be (-12)/((-6)/(-4) - 0). Let j(y) be the first derivative of y**2/2 + 18*y - 2. What is the units digit of j(h)?
0
Let t be (1/3)/((-1)/(-129)). Let c be (-121)/(-22) + (-2)/4. Suppose c*m - 56 = 2*s, -4*m = 2*s - 3*s - t. What is the tens digit of m?
1
Let m = -1 + 3. Suppose -b + 41 = -0*b + v, -4*b + m*v = -158. What is the units digit of (-78)/(-10) - (-8)/b?
8
Let f(u) = 5*u**3 + 2*u + 0 - 2*u**3 - 4*u**3 + 2*u**2 - 1. What is the units digit of f(-2)?
1
Let h(d) be the first derivative of d**4/4 - 2*d**3/3 - 2*d**2 + 3*d + 3. Let w be h(4). Suppose 4*p = 3*y - 49, y = 5*p + w + 1. What is the units digit of y?
5
Let p = 82 - 55. What is the tens digit of p?
2
Let v be (-11)/(-1) - (-3 + 3). Suppose -220 = n + 4*n. What is the tens digit of 2/v + (-432)/n?
1
Let d(i) = 6*i**2 + 6*i. What is the hundreds digit of d(-5)?
1
Let h(g) = g**2 + 14*g + 6. What is the tens digit of h(-23)?
1
Let z = -41 - -61. What is the tens digit of z?
2
Let r be ((6/(-1))/2)/1. Let v(h) = -h + 1. Let x be v(r). Suppose -2*y - x*s + 12 = 0, -2*y + 0*y + 4*s + 12 = 0. What is the units digit of y?
6
Let g(t) = t**3 + 11*t**2 - 5*t. What is the units digit of g(-11)?
5
Suppose -3*a - a - t + 290 = 0, 0 = -5*a + t + 367. What is the tens digit of a?
7
Let k = -23 - -41. Suppose 3*h = -2*i + k, -i - i = -3*h - 6. What is the units digit of i?
6
Let h(w) = -1. Let c(r) = -2*r**2 - 2*r - 6. Let i(o) = -c(o) + 3*h(o). What is the units digit of i(-4)?
7
Let s = 3 - -5. What is the units digit of s?
8
Suppose 0 = 5*r + 3*p - 264, -4*r - 172 = -7*r + 5*p. What is the tens digit of r?
5
Let t(x) = x**2 + 5*x. Let j be t(-5). Suppose 5*k - 3*f - 1 = j, -k - 3*f = 4*k - 19. What is the units digit of k?
2
Let m = 35 + -21. Suppose -r = -6 - m. What is the tens digit of r?
2
Suppose 3*h + 2 = 5*d, -d + 2*h + 2 = 3*d. What is the units digit of d?
1
Suppose 0 = g - 1 + 3. Let z be (g/3)/(4/(-18)). What is the units digit of ((-2)/(-4))/(z/36)?
6
Suppose 1 - 6 = -n - 4*l, 30 = 2*n + 3*l. What is the tens digit of n?
2
Suppose 95 + 165 = l - 2*o, -5*l + 4*o + 1288 = 0. What is the units digit of l?
6
Suppose 4*c + 3*f - 53 = 0, -2*c + 4*f = -0*c - 10. What is the tens digit of c?
1
Suppose 81*h - 116 = 77*h. What is the units digit of h?
9
Let y = 7 + -3. Let b = 11 + 3. Suppose k - y*f = b, -3*k - 2*k = -5*f - 25. What is the units digit of k?
2
What is the tens digit of (-1106)/(-8) - (4 + 19/(-4))?
3
Let c(r) = r**2 + r - 4. Let g be c(-3). Let l be (-18)/(-12) - 9/(-2). Suppose d + g*d = l. What is the units digit of d?
2
Suppose 0 = 7*m - 497 - 14. What is the tens digit of m?
7
Suppose -x = -5*x - 36. Let s(v) = -v**3 - 9*v**2 - 3*v - 13. What is the tens digit of s(x)?
1
Suppose -7*s + 3*s + 60 = 0. Suppose -o - h = -2*o + 3, 0 = o + 3*h - s. What is the units digit of o?
6
Let k(h) be the third derivative of -h**4/12 + h**3/2 - h**2. What is the units digit of k(-5)?
3
Let j = 11 - -40. What is the units digit of j?
1
Let i be (-6)/(1/15*-2). Let z = i - 24. What is the units digit of z?
1
Let s(p) = p**2 - 11*p + 1. Let g(i) = -2*i**2 + 21*i - 2. Let a(r) = 4*g(r) + 7*s(r). What is the units digit of a(5)?
9
Let r(o) = o**3 - 2*o - 60. Let w be r(0). What is the tens digit of (7 + -8)/(2/w)?
3
Let i(a) = -7*a + 9 - 3*a + 9*a. What is the units digit of i(7)?
2
Let w(t) = t**2 - 2*t + 3. Suppose 0*h - 5*h + 25 = 0. What is the tens digit of w(h)?
1
Let m = 131 - 228. What is the units digit of m/(-5) - 2/5?
9
Let y = 21 - 9. Let x = y - -12. What is the units digit of x?
4
Suppose -o + 2*n + 79 = 0, 20 = 4*o + 5*n - 270. Let w = o + -17. What is the units digit of w?
8
Let v(n) = n**2 + 7*n + 2. Let i be v(-3). Let y(l) = 16*l**2 - 5*l**2 + l**3 - 1 - 4 + 9*l + 14. What is the tens digit of y(i)?
1
Let f(o) = o**2 + 6*o - 5. Let h be f(-7). Suppose -h*a = 5 - 13. What is the units digit of a?
4
Let b be (16 - -4)*6/4. Let n be ((-36)/b)/(2/(-5)). Suppose 5*a - 16 - 4 = -n*t, -5*t - 3*a + 44 = 0. What is the units digit of t?
0
Suppose -24 = -s + p, -5*s + 4*p = -133 + 14. What is the units digit of s?
3
Suppose x - 2 = 10. Let m = x - 8. Suppose l - m*y = 5*l - 4, 5*l + 4*y = 7. What is the units digit of l?
3
Let m(l) = l**3 - 9*l**2 + 3*l + 4. What is the tens digit of m(9)?
3
Let z = 109 + 12. What is the units digit of z?
1
Suppose 0 = 3*j - 3 - 0. Let l be 1 - 2 - (j - 0). What is the units digit of (-1)/((l/(-8))/(-1))?
4
Let s = 23 - -6. What is the tens digit of s?
2
Let p(a) = 3*a + 3*a + 0*a + 8 + a**2. What is the units digit of p(-7)?
5
Let f = -21 - -48. What is the tens digit of f?
2
Suppose 0 = 5*s + 2*u - 4*u - 167, -4*u - 103 = -3*s. What is the units digit of s?
3
Suppose 2*l - l + 2 = -2*j, -3*l = -4*j - 14. What is the units digit of l?
2
Suppose -2*l - 21 = -5*m, 0 = 4*l + 12. Suppose 0 + 6 = m*w. What is the units digit of w?
2
Suppose -f - 19 = -2*t + 45, -2*f = -8. What is the tens digit of t?
3
Let g(n) be the second derivative of -n**5/20 - n**4/4 - n**3/6 + 2*n. Let c be g(-2). What is the units digit of 188/16 - c/8?
2
Let m be -15 - (-6)/(-2)*-1. Let w = 30 + m. What is the units digit of w?
8
Suppose 4*s = -2*j + 4, -2*j - 2 = -3*s - 6. Suppose s = -q - q + 20. What is the tens digit of q?
1
Let i = -67 - -116. What is the units digit of i?
9
Suppose -h + 3 = -0*h. Suppose w - 21 = 2*o, -o = h*o + 3*w + 17. Let n = o + 16. What is the units digit of n?
8
What is the hundreds digit of (-2824)/(-10) + (96/(-30))/8?
2
Let t(u) = u**3 - 2*u**2 - u + 9. What is the tens digit of t(5)?
7
Let m = -6 + 0. What is the tens digit of 39/(-26)*88/m?
2
Suppose -1 = -5*x + 9. Suppose -x*y = 0, 0 = g + y - 3 - 0. What is the units digit of g?
3
Suppose 4*p = 11 + 41. What is the units digit of 4/(-22) - p/(-11)?
1
Let h(g) = -5 + 0 + 5*g + 3 + 1. Let t be h(-1). What is the units digit of t*(-2)/(2 - 1)?
2
Suppose 7*x = 2*x - 3*q + 4, 0 = q - 3. Let n(i) = -16*i**3 + i**2 + i. What is the tens digit of n(x)?
1
Suppose 0 = -0*c - 2*c 